lculate the highest common divisor of t and 1950.
10
Suppose 2*z = 4*z - 60. Suppose -90*r + 87*r = -z. What is the greatest common factor of 110 and r?
10
Let l(a) = 4*a - 19. Let h = 39 - 34. Let n be l(h). Suppose -4*g + 15 = -1. Calculate the highest common factor of n and g.
1
Suppose -21 - 32 = -a. Calculate the greatest common divisor of a and 1643.
53
Suppose 2*o - 388 + 22 = -4*u, 0 = -o + 3. Let a be 12 + 0/23 - (2 + 0). What is the greatest common factor of a and u?
10
Let m(x) = -3*x**3 + 2*x**3 + 3 + 2*x**2 + 3*x - x**2. Let j be -4*(-2)/(-16)*(-5 + 9). Let r be m(j). Calculate the highest common divisor of r and 45.
9
Let j(n) = 20*n. Let b be j(6). What is the greatest common divisor of 15 and b?
15
Suppose 11*m = 6*m. Suppose -6 + m = -6*d. Let q = 6 + 1. Calculate the highest common divisor of q and d.
1
Suppose 0*o = 61*o - 30256. Calculate the greatest common divisor of 64 and o.
16
Let j = -18 + 58. Let i = 201 - 101. Calculate the highest common factor of j and i.
20
Suppose 3*h + 2*l = 498, 2*h + 5*l = h + 179. Suppose -h + 29 = -k. Calculate the greatest common factor of 15 and k.
15
Let a be -30 + -1 + 1/(-1). Let x = -20 - a. Let u be ((-6)/5)/(x/(-90)). What is the greatest common divisor of 27 and u?
9
Suppose 3*w - 6 = w. Suppose -g - 4 = -w*g. What is the highest common factor of g and 2?
2
Let o(a) = a - 4. Let w be o(14). Suppose c + c - 170 = -2*m, 3*c + 145 = 2*m. What is the highest common divisor of m and w?
10
Suppose 5*q = 20, -4*q - 44 = 2*y - 0*q. Let i be y/(-4) - (-6)/4. Suppose 22*w - 42 = 8*w. Calculate the highest common divisor of i and w.
3
Let k = 2370 + -1831. What is the highest common factor of k and 147?
49
Let u(q) = q**3 - 7*q**2 - 77*q + 9. Let j be u(-6). Calculate the highest common factor of j and 19.
1
Let c be ((-12)/(-24))/(2/48). Let b be 18/c*((1 - -2) + -1). Calculate the highest common factor of 15 and b.
3
Suppose -3*y + 55 = 2*y. Let a = -10676 + 10775. What is the greatest common factor of a and y?
11
Suppose -1387 + 4390 = 11*p. Calculate the greatest common divisor of p and 21.
21
Suppose -3*v + 2 = -7. Suppose -v*x + y = -85, 3*y + y = 8. Let f = 34 + x. Calculate the greatest common divisor of 9 and f.
9
Let r = -44 - -26. Let x be 4/r + 2598/27. Let y(t) = 16*t + 140. Let v be y(-8). Calculate the highest common factor of x and v.
12
Let q = 12 + -6. Suppose -565 - 299 = -16*l. Calculate the greatest common factor of l and q.
6
Suppose -3*p = n - 5, 5*p - 2*n - n - 13 = 0. Suppose p*o = -0*o. Suppose o = -d + 4*d - 39. Calculate the greatest common factor of 104 and d.
13
Let a = -559 - -1109. Calculate the highest common divisor of a and 55.
55
Let a(i) = 66*i**2 - 11*i - 73. Let j be a(-5). Calculate the highest common factor of j and 96.
96
Let v be 1/((-7)/28) + 379. Calculate the greatest common factor of 15 and v.
15
Let u(m) = m**3 + 7*m**2 - 4*m + 4. Let z be u(2). Suppose -5*n - 2 = -4*k + 2, z = 2*k + 5*n. What is the greatest common divisor of k and 2?
2
Let z = 378 - 199. Suppose -6*p + 157 + z = 0. What is the highest common factor of 16 and p?
8
Let p = -54 + 84. Suppose -o + 2*t = -13, t = -5*o + p + 2. Calculate the greatest common divisor of 7 and o.
7
Suppose 4*o - 6*o + 56 = -2*p, 0 = 5*o + 2*p - 112. Let j be 21*2*o/28. Calculate the highest common factor of j and 4.
4
Let h be (3*28/21)/((-2)/(-38)). What is the highest common divisor of h and 133?
19
Suppose 36*o = 37*o - 19. Suppose -o*q = 3*q - 1848. Suppose v + 48 = 5*v. Calculate the greatest common divisor of v and q.
12
Suppose 8 = -u + 5*o, -10 = -4*o - 2. Suppose -u*a - 5*y + 8 = -29, -3*y = a - 21. Calculate the highest common factor of a and 2.
2
Let k = 28 - 12. Calculate the greatest common divisor of k and 44.
4
Let a be -114*(1 - 0) - 1. Let l be a/(-25) + (-2)/(-5). Calculate the greatest common divisor of 35 and l.
5
Let h be (((-125)/5)/5*-9)/1. What is the highest common factor of h and 1125?
45
Let d be 154/(-8) - (-15)/(-20). Let q = d + 29. Suppose -q - 96 = -5*v. Calculate the highest common divisor of 147 and v.
21
Suppose -2 = -w + 34. Let d(a) = a**2 - 36 - 18*a**3 + w. Let c be d(-1). What is the greatest common divisor of 76 and c?
19
Suppose 3*o + 5*k - 36 = 0, -2*k + 12 = -7*o + 8*o. Calculate the greatest common divisor of 108 and o.
12
Let b(x) = -x**3 + 6*x**2 - 3*x + 6. Let l be b(3). Let v(m) = m. Let t be v(l). What is the greatest common divisor of t and 6?
6
Let l be (-2)/(-6) + (-70)/(-6). Suppose 2*p - 118 = -30. Let c be (-176)/(-5) - p/(-55). Calculate the highest common factor of l and c.
12
Let n(s) = -s**2 - 11*s + 16. Suppose -10*o - 96 = -2*o. Let q be n(o). What is the greatest common divisor of 10 and q?
2
Suppose p = 1 + 1. Let c = 5 - p. What is the greatest common factor of 33 and c?
3
Let d(x) = -21*x**3 - x - 1. Let i be d(-1). Let j = -50 + i. Let p = j + 41. Calculate the highest common divisor of 36 and p.
12
Let z(j) = -j - 4. Let m be z(-6). Suppose -m*s + 20 = -10. What is the greatest common factor of 15 and s?
15
Let g(z) = 25*z - 116. Let n be g(27). Calculate the greatest common factor of n and 43.
43
Suppose 8*f + 452 = 4*f. Let b = 41 - f. Calculate the highest common divisor of b and 22.
22
Let f = 20 + -8. Suppose 3*r - 69 - f = 0. Suppose 0 = -3*d + 2*d + r. Calculate the greatest common divisor of 9 and d.
9
Let w be (-9)/(-36)*136 - (-5)/(-1). What is the highest common factor of w and 1189?
29
Suppose 2*x + 0*x - 52 = 0. Suppose -14*y + 566 = -344. What is the greatest common factor of y and x?
13
Let l be ((-26 + 0)*-1)/2. Suppose 0 = -z - 11 + l. Suppose -m - z*m = -45. What is the highest common divisor of 75 and m?
15
Suppose 2*v - 2*w - w = 49, -2*w + 67 = 3*v. Let b = -5 + 74. What is the highest common factor of v and b?
23
Let o(s) be the third derivative of s**5/60 - s**4/4 - s**3/2 + 8*s**2. Let k be o(11). Let r = -12 + k. Calculate the highest common divisor of 10 and r.
10
Suppose 22*c - 551 - 109 = 0. What is the highest common divisor of c and 12?
6
Let h(n) = 3953*n**2 - 1. Let p be h(1). Let l be 4/6 + p/12. Suppose -l = -4*x + x. What is the highest common divisor of x and 11?
11
Let t be 1285/20 - 7/28. Calculate the greatest common divisor of 48 and t.
16
Let v = -61 + 64. Suppose 4*c - 4 = 4. Suppose c*d - v*n - 2 = 5, -4*d + 11 = -3*n. Calculate the greatest common divisor of d and 2.
2
Let h be 39/65*(12 + -2). Let c(b) = b - 3 + 12 + 3. Let q be c(-10). Calculate the highest common divisor of q and h.
2
Let x(p) = 12*p + 14. Let c(j) = j**3 - j**2 - j + 7. Let d be c(0). Let r be x(d). Calculate the greatest common factor of 28 and r.
14
Let s(f) = 62*f**2 + 5*f - 1. Let p be s(-1). What is the greatest common factor of 154 and p?
14
Let s(x) = x**2 + 7*x - 74. Let f be s(7). What is the greatest common factor of f and 104?
8
Suppose 4*t = 4*g - 256, 2*t + 2*t - 8 = 0. Calculate the highest common divisor of g and 1518.
66
Let u(q) = -q**2 - 25*q. Let c be u(-11). Calculate the greatest common divisor of c and 42.
14
Let p(x) = -x**3 + 8*x**2 - 8*x + 7. Let u be p(7). Suppose u*q + 6*q = 84. Calculate the highest common divisor of q and 98.
14
Let j be 17*(6 - 5/1). Let d = -3 - -8. Let u = j + d. Calculate the highest common factor of 110 and u.
22
Let r(z) = -14*z. Suppose f - 14 = -2*b + 5*f, 0 = 2*b + 2*f + 16. Let n be r(b). Calculate the greatest common factor of n and 21.
21
Let p(c) = 2*c**2 + 4*c + 3. Let g be p(-2). Suppose 0 = -0*f - f + 9. Let q be -4 + f/2 + 123/6. Calculate the highest common factor of g and q.
3
Suppose 0 = -2*q - 15*q + 3179. What is the highest common factor of q and 17?
17
Suppose q = 217 - 72. Suppose q + 95 = 5*b. Let g = -179 - -211. What is the highest common factor of g and b?
16
Let c be 20 + (-3 - (5 + -6)) - -3. Calculate the greatest common divisor of 6 and c.
3
Let y(u) = u + 38. Suppose 84 = -4*w - w + 4*d, w + 4 = 4*d. Let x be y(w). Let b = -29 + 56. Calculate the highest common divisor of b and x.
9
Let t be ((-152)/(-20))/((-7)/35). Let v = 50 + t. Calculate the greatest common factor of v and 6.
6
Let r = -80 + 82. Suppose 2*b - q - 53 = 0, 21 = 2*b + r*q - 29. Calculate the greatest common factor of b and 2.
2
Let b(m) = 47*m + 1. Let n = -13 - -14. Le